{"id":259,"date":"2017-07-14T13:35:51","date_gmt":"2017-07-14T11:35:51","guid":{"rendered":"https:\/\/www.viatoris.de\/viatoris\/?page_id=259"},"modified":"2018-05-11T12:48:42","modified_gmt":"2018-05-11T10:48:42","slug":"die-mittelaltergruppe-viatoris","status":"publish","type":"page","link":"https:\/\/www.viatoris.de\/viatoris\/die-mittelaltergruppe-viatoris\/","title":{"rendered":"Die Mittelaltergruppe Viatoris"},"content":{"rendered":"<p align=\"left\"><strong>Viatoris<\/strong> stellt im weitesten Sinne eine Reisegesellschaft um 1200 dar.<\/p>\n<p align=\"left\">Auf der Reise befinden sich ein seit Jahren heimlich verheirateter Hospitaliter mit seinem Feldlazarett, eine B\u00fcrgerfamilie, ein verarmter Ritter auf der R\u00fcckreise aus dem Heiligen Land, sowie eine Ministerialfamilie in dienstlichem Auftrag. Manchmal trifft man auch Anna die Gremplerin an, die allerlei gebrauchte G\u00fcter f\u00fcr den Alltagsgebrauch feilbietet.<\/p>\n<h6 align=\"left\">Anspruch an die Darstellung<\/h6>\n<p>Wir leben heute und nicht im Jahr 1200, aber wir bem\u00fchen wir uns um eine &#8222;glaubw\u00fcrdige&#8220; Darstellung.<br \/>\nGlaubw\u00fcrdig bedeutet, dass wir dabei nicht versuchen \u00fcberall absolute Authentizit\u00e4t zu erreichen. Das ist auch kaum m\u00f6glich, denn wir k\u00f6nnen uns nur schwerlich in einen Menschen aus dem Mittelalter hineinversetzen. Diese Menschen dachten, f\u00fchlten und handelten anders als wir heute. Wir tragen wir grunds\u00e4tzlich keine Fantasie-Gewandungen und unsere Waffen und Ausr\u00fcstungsgegenst\u00e4nde passen in den dargestellten Zeitraum. Die Gewandungen sind teilweise selbst hergestellt, teilweise aber auch gekauft. Den Anspruch an die eigene Darstellung legt bei uns jeder selber fest.<br \/>\nDie Grenzen bestehen aber schon darin, dass wir keine Historiker oder Arch\u00e4ologen sind und nicht jeder authentische Gegenst\u00e4nde handwerklich zustande bringt.<\/p>\n<p>Wir verfolgen mit unserem Hobby keine politisch oder religi\u00f6s motivierten Ziele. Wir stellen der Zeit entsprechende gl\u00e4ubige, nach den Ma\u00dfgaben der Kirche des 12. und 13. Jahrhunderts lebende Menschen dar.<\/p>\n<div class=\"space_40 clearfix\"><\/div>\n<h1>Viatoris sind<\/h1>\n\n<ul class=\"nav nav-tabs sc_tabs kt-tabs kt-sc-tabs kt-tabs-style1\"><li class=\"active\"><a href=\"#sctab75830\">Havenburn<\/a><\/li>\n<li class=\"\"><a href=\"#sctab75831\">Krinvelde<\/a><\/li>\n<li class=\"\"><a href=\"#sctab75832\">Rengsdorf<\/a><\/li>\n<li class=\"\"><a href=\"#sctab75833\">Dvsseldorp<\/a><\/li><\/ul> <div class=\"tab-content kt-tab-content postclass\"><div class=\"tab-pane clearfix active\" id=\"sctab75830\">\n<h2 class=\"dingbat\" align=\"left\"><img loading=\"lazy\" decoding=\"async\" src=\"https:\/\/www.viatoris.de\/viatoris\/wp-content\/uploads\/2017\/07\/wappen_johanniter_klein.gif\" width=\"42\" height=\"46\" align=\"absmiddle\" hspace=\"10\" vspace=\"2\" \/> Famile von Havenburn<\/h2>\n<figure style=\"width: 170px\" class=\"wp-caption alignright\"><img loading=\"lazy\" decoding=\"async\" style=\"border: 1px solid #000000;\" src=\"https:\/\/www.viatoris.de\/viatoris\/wp-content\/uploads\/2017\/07\/RitterMarcus.jpg\" alt=\"\" width=\"170\" height=\"283\" border=\"1\" \/><figcaption class=\"wp-caption-text\">Fr\u00e2 Marcus von Havenburn<\/figcaption><\/figure>\n<h3 align=\"left\">Fr\u00e2 Marcus von Havenburn<\/h3>\n<p>Ordensritter der Hospitaliter<br \/>\nProtector der Kommende Havenburn, Legat des Papstes<\/p>\n<p>&#8222;Der Hospitaliter l\u00e4sst sich rufen, wo die Not des N\u00e4chsten auf seine t\u00e4tige Liebe und der Unglaube der Angefochtenen auf das Zeugnis seines Glaubens warten.\u201cGefunden wurde er vor der T\u00fcr einer kleinen Pfarrkirche in Havenburn. Man munkelte, dass er der uneheliche Sohn des Herrn von Hochstaden sei, da er sich stets um das Wohlergehen des Jungen sorgte.<br \/>\nEr genoss wie wenige seiner Zeit eine gewisse Schulbildung: Rechnen, Lesen, Schreiben und ein etwas Latein. Aber er wurde auch er im Umgang mit den Ritterlichen Waffen unterwiesen. Als dann er dann der Aufruf zum Kreuzzug h\u00f6rte, f\u00fchlte er sich dazu berufen dem Aufruf Folge zu leisten. Im Alter von 21 Jahren ging er dem gro\u00dfem Abenteuer entgegen.<br \/>\nAlso trat Marcus von Havenburn dem Hospitaliterorden bei. Seit seiner R\u00fcckkehr reist er im Auftrag des Ordens umher um seine christliche Pflicht zu erf\u00fcllen und auch, um eine Ordenskirche zu bauen.<\/p>\n<p>Credo des Ordens:<br \/>\n\u201eTuitio fidei et obsequium pauperum\u201c<br \/>\n(Bezeugung des Glaubens und Hilfe den Bed\u00fcrftigen)<\/p>\n<blockquote><p>&#8222;Ich bin kein Freund von Religionen. Ich habe erlebt, wie der Wahn von Fanatikern jeder Konfession als Wille Gottes bezeichnet wurde. Heiligkeit liegt in der gerechten Handlung und dem Mut, dies auch im Namen jener zu tun, die sich nicht selbst verteidigen k\u00f6nnen. Und G\u00fcte, dass was Gott begehrt, ist hier im Herzen und im Geiste. Das, was Ihr entscheidet zu tun, jeden Tag, macht Euch zu einem guten Menschen. Oder auch nicht&#8220;<br \/>\n(Zitat des namenlosen Hospitaliters aus &#8222;K\u00f6nigreich der Himmel&#8220;<\/p><\/blockquote>\n<figure style=\"width: 170px\" class=\"wp-caption alignright\"><img loading=\"lazy\" decoding=\"async\" style=\"border: 1px solid #000000;\" src=\"https:\/\/www.viatoris.de\/viatoris\/wp-content\/uploads\/2017\/07\/EdleGudrun.jpg\" alt=\"\" width=\"170\" height=\"283\" border=\"1\" \/><figcaption class=\"wp-caption-text\">Katharina von Kempen<\/figcaption><\/figure>\n<h3 align=\"left\">Katharina von Kempen<\/h3>\n<p>Katharina kam als zweite Tochter eines Bildhauers aus der Provinz des polnischen Piastenstaats (Schlesien) zur Welt. Ihre Familie verschlug es auf der Wanderung und Suche nach Auftr\u00e4gen f\u00fcr den Dombau an den Niederrhein. Dort heiratete sie den Gernot von Kempen, seines Zeichens Baumeister, doch angelockt durch vielversprechende Auftr\u00e4ge schloss Gernot sich mit seiner gesamten Familie, so auch Katharina, dem ersten Kreuzzug an. In der N\u00e4he von Akkon im heiligen Land wurden sie von Sarazenen \u00fcberfallen und Gernot kam ums Leben. Katharina wurde von den Sarazenen verschleppt; man wollte wohl L\u00f6segeld erpressen. Zum Gl\u00fcck wurde sie von dem Hospitaliter Marcus von Havenburn befreit und wohlbehalten in die Heimat verbracht, wo sie sich um den Hospitaliter k\u00fcmmert (wohl auch in Belangen, in denen sich der Orden nicht k\u00fcmmern kann).<\/p>\n<p>Inzwischen erlangte sie gewissen Reichtum und genie\u00dft einen ausgezeichneten Ruf.<br \/>\n<\/div>\n<div class=\"tab-pane clearfix \" id=\"sctab75831\">\n<h2 class=\"dingbat\" align=\"left\"><img loading=\"lazy\" decoding=\"async\" src=\"https:\/\/www.viatoris.de\/viatoris\/wp-content\/uploads\/2017\/07\/wappen_marcel_klein.gif\" width=\"42\" height=\"46\" align=\"absmiddle\" hspace=\"10\" vspace=\"2\" \/> Famile von Krinvelde<\/h2>\n<figure style=\"width: 170px\" class=\"wp-caption alignright\"><img loading=\"lazy\" decoding=\"async\" style=\"border: 1px solid #000000;\" src=\"https:\/\/www.viatoris.de\/viatoris\/wp-content\/uploads\/2017\/07\/RitterMarcel.jpg\" alt=\"\" width=\"170\" height=\"283\" \/><figcaption class=\"wp-caption-text\">Rheinhold von Krinvelde<\/figcaption><\/figure>\n<h3 align=\"left\">Rheinhold von Krinvelde<\/h3>\n<p align=\"left\">Ministerialritter des Grafen Dietrich von Murse<\/p>\n<p>Rheinhold von Krinvelde wurde 1158 als Sohn eines Ministerialen des Grafen Wilhelm de Murse, Abt von Kloster Werden geboren. Wie sein Vater stand Rheinhold im Dienst der Grafen von Murse. Zusammen mit seinem Herrn Elger de Murse nahm er 1197 am &#8222;deutschen&#8220; Kreuzzug Heinrichs VI. teil.Im August hatte das Kreuzfahrer-Kontingent aus Sachsen und dem Rheinland unter der F\u00fchrung von Pfalzgraf Heinrich von Braunschweig und dem Erzbischof von Bremen, Hartwig II. von Utlede mit 44 Schiffen Messina erreicht. Diese vereinigten sich mit dem noch in S\u00fcditalien befindlichen Hauptteil des Kreuzzugsheeres und segelten unter dem Kommando von Reichskanzler Konrad von Querfurt und Reichshofmarschall Heinrich von Kalden nach Pal\u00e4stina ab. W\u00e4hrend sich sein Heer nach Pal\u00e4stina einschiffte, starb Heinrich VI. am 28. September 1197 im Alter von knapp 32 Jahren in Messina.<br \/>\nUnter Heinrich I. von Brabant schlugen sie ihr Lager in Tyrus auf und begannen einen Feldzug, der die muslimischen Piraten aus Beirut vertreiben und die syrische K\u00fcste zwischen Tyrus und Tripolis verbinden sollte. Dabei kam Rheinholds Herr Graf Elger von Murse ums Leben.Inzwischen erreichte auch die Kunde vom Tod Heinrichs das Heer und Rheinhold machte sich zur\u00fcck nach Europa auf um dem j\u00fcngeren Dietrich de Murse dabei zu helfen seine Lehensrechte gegen\u00fcber dem Nachfolger Heinrichs zu sichern.<\/p>\n<figure style=\"width: 170px\" class=\"wp-caption alignright\"><img loading=\"lazy\" decoding=\"async\" style=\"border: 1px solid #000000;\" src=\"https:\/\/www.viatoris.de\/viatoris\/wp-content\/uploads\/2017\/07\/EdleHelga.jpg\" alt=\"\" width=\"170\" height=\"283\" \/><figcaption class=\"wp-caption-text\">Anna von Nievenheim<\/figcaption><\/figure>\n<h3 align=\"left\">Anna von Nieven\u00adheim<\/h3>\n<p>Anna von Nievenheim wurde in Nievenheim als Tochter niederen Adels geboren. Ihre Kindheit und ihre Jugend verbrachte Sie recht unbeschwert auf dem Gut Ihrer Eltern, wo Sie eine ansprechende Erziehung genoss, mit dem Ziel, Sie irgendwann dem Hochadel per Heirat zuzuf\u00fchren. Bei einer Feierlichkeit des Grafen von Moers, begegnete sie dem Ministerialritter Rheinhold von Krinvelde. Ein halbes Jahr sp\u00e4ter hielt dieser bei Ihrem Vater um Ihre Hand an und ehelichte Sie.<\/p>\n<h3 align=\"left\">Anna die Gremplerin<\/h3>\n<figure id=\"attachment_180\" aria-describedby=\"caption-attachment-180\" style=\"width: 400px\" class=\"wp-caption alignright\"><img loading=\"lazy\" decoding=\"async\" class=\"wp-image-180 size-full\" style=\"border: 1px solid #000000;\" src=\"https:\/\/www.viatoris.de\/viatoris\/wp-content\/uploads\/2017\/07\/Stand.jpg\" alt=\"\" width=\"400\" height=\"225\" srcset=\"https:\/\/www.viatoris.de\/viatoris\/wp-content\/uploads\/2017\/07\/Stand.jpg 400w, https:\/\/www.viatoris.de\/viatoris\/wp-content\/uploads\/2017\/07\/Stand-300x169.jpg 300w, https:\/\/www.viatoris.de\/viatoris\/wp-content\/uploads\/2017\/07\/Stand-356x200.jpg 356w\" sizes=\"auto, (max-width: 400px) 100vw, 400px\" \/><figcaption id=\"caption-attachment-180\" class=\"wp-caption-text\">Anna die Gremplerin mit Gremplerbank<\/figcaption><\/figure>\n<p>Anna die Gremplerin bietet allerlei gebrauchte G\u00fcter f\u00fcr den Alltagsgebrauch an. Ihr Sortiment reicht von Schmuck, \u00fcber einfache Gebrauchsgegenst\u00e4nde, bis hin zu Kleidung. Sie zieht mit ihrer Gremplerbank von Markt zu Markt und verkauft dort Flitter und Tand aus zweiter Hand.<\/p>\n<blockquote><p>Ich nenne mich &#8222;Anna von Nievenheim&#8220;, weil Anna mein zweiter Vorname ist und ich in Nievenheim geboren wurde. Anna von Nievenheim ist eine fiktive Person des 12&#8230;13. Jahrhunderts.<br \/>\nUngew\u00f6hnlicherweise stehen hier zwei mittelalterliche Lebensl\u00e4ufe, da in meiner Brust zwei Herzen schlagen. Wenn ich nicht gerade als &#8222;Anna von Nievenheim&#8220; unterwegs bin, verkaufe ich als &#8222;Gremplerin Anna&#8220; auf M\u00e4rkten &#8222;Flitter und Tand aus zweiter Hand&#8220;. Ein anderer Begriff f\u00fcr Kleinhandel treibende H\u00e4ndler mit eigenem Verkaufsstand (Gremplerbank) war der Grempler.<\/p><\/blockquote>\n<\/div>\n<div class=\"tab-pane clearfix \" id=\"sctab75832\">\n<h2 class=\"dingbat\" align=\"left\"><img loading=\"lazy\" decoding=\"async\" src=\"https:\/\/www.viatoris.de\/viatoris\/wp-content\/uploads\/2017\/07\/wappen_joerg_klein.gif\" width=\"42\" height=\"46\" align=\"absmiddle\" hspace=\"10\" vspace=\"2\" \/> Haus Rengsdorf<\/h2>\n<figure style=\"width: 170px\" class=\"wp-caption alignright\"><img loading=\"lazy\" decoding=\"async\" style=\"border: 1px solid #000000;\" src=\"https:\/\/www.viatoris.de\/viatoris\/wp-content\/uploads\/2017\/07\/RitterJoerg.jpg\" alt=\"\" width=\"170\" height=\"283\" \/><figcaption class=\"wp-caption-text\">Georg von Rengsdorf<\/figcaption><\/figure>\n<h3 align=\"left\">Georg von Rengsdorf<\/h3>\n<p align=\"left\">Ritter zu Weiherhof<\/p>\n<p align=\"left\">Georg ist der erstgeborene Sohn eines Ministerialen des Kastorstifts aus dem Pfarrzehntbezirk Rengsdorf. Angespornt durch die Versprechen der Wanderprediger schloss er sich dem dritten Kreuzzug in das heilige Land an. Er hoffte auf Anerkennung und L\u00e4ndereien. V\u00f6llig desillusioniert kehrt der Gl\u00fccksritter nach der Eroberung Jerusalems heim und bot seine Dienste dem Landgrafen Gerhard zu Geldern an.<\/p>\n<\/div>\n<div class=\"tab-pane clearfix \" id=\"sctab75833\">\n<h2 class=\"dingbat\" align=\"left\"><img loading=\"lazy\" decoding=\"async\" src=\"https:\/\/www.viatoris.de\/viatoris\/wp-content\/uploads\/2017\/07\/wappen_owi_klein.gif\" width=\"42\" height=\"46\" align=\"absmiddle\" hspace=\"10\" vspace=\"2\" \/> Familie von Dusseldorp<\/h2>\n<figure style=\"width: 170px\" class=\"wp-caption alignright\"><img loading=\"lazy\" decoding=\"async\" style=\"border: 1px solid #000000;\" src=\"https:\/\/www.viatoris.de\/viatoris\/wp-content\/uploads\/2017\/07\/RitterOlli.jpg\" alt=\"\" width=\"170\" height=\"283\" \/><figcaption class=\"wp-caption-text\">Wilhelm von Dvsseldorp<\/figcaption><\/figure>\n<h3 align=\"left\">Wilhelm der Gute von Dvsse\u00adldorp<\/h3>\n<p>Genannt O&#8217;Feet<\/p>\n<p>Wilhelm von Dvsseldorp stammt aus einer angesehenen H\u00e4ndlerfamilie. Auf Grunde seines gro\u00dfen Wissensdurstes erlangte er bei ortsans\u00e4ssigen M\u00f6nchen das Grundwissen in Kr\u00e4uter- und Heilkunde, sowie lesen und schreiben.<br \/>\nEin Schwert f\u00fchrt er leider so ungeschickt wie einen Kn\u00fcppel, nur den Umgang mit Pfeil und Bogen beherrscht er recht manierlich. F\u00fcr die K\u00e4mpfe im Kreuzzug reichte dies gewiss nicht aus, dennoch wollte er auch er seinen Teil von Ruhm und Ehre im gelobten Land erringen. So schloss er sich im Mai 1147 einem Tross Konrads III. an und zog gemeinsam mit Badern und Heilkundigen auf dem Landweg Richtung Jerusalem. Als sich das Kreuzfahrerheer in Kleinasien teilte, folgte Wilhelm den unbewaffneten Pilgern, gef\u00fchrt von Bischof Otto von Freising. Bei Laodikeia wurden sie jedoch von Seldschuken \u00fcberfallen und fast ausnahmslos get\u00f6tet. Wilhelm gelang leicht verletzt die Flucht, indem er sich unter den Leichen der Gefallenen versteckte.<br \/>\nGl\u00fccklicherweise fand er einige Zeit sp\u00e4ter Unterschlupf bei Einheimischen, die ihn rasch wieder auf die Beine brachten. Als von der Niederlage Konrads erfuhr, begab er sich wieder auf den Weg in die Heimat. Nach seiner R\u00fcckkehr lernte er Brigainne kennen und heiratete sie.<\/p>\n<p>Ber\u00fcchtigt ist seine scharfe Zunge, vor allem wenn diese vom Genuss alkoholischer Getr\u00e4nke gelockert wird.<\/p>\n<p>Durch die bei Laodikeia erlittene Verletzung behielt er ein Fu\u00dfleiden zur\u00fcck, und dank seiner uralten keltischen Abstammung wird er seither scherzhaft O&#8217;Feet genannt.<\/p>\n<figure style=\"width: 170px\" class=\"wp-caption alignright\"><img loading=\"lazy\" decoding=\"async\" style=\"border: 1px solid #000000;\" src=\"https:\/\/www.viatoris.de\/viatoris\/wp-content\/uploads\/2017\/07\/EdleAlex.jpg\" alt=\"\" width=\"170\" height=\"283\" \/><figcaption class=\"wp-caption-text\">Brigainne von Dvsseldorp<\/figcaption><\/figure>\n<h3 align=\"left\">Brigainne die Gutherzige<\/h3>\n<p>Brigainne stammt urspr\u00fcnglich aus Anrath, einem kleinem Dorf in dem sie mit Eltern und Gro\u00dfeltern lebte. Nachdem sie Wilhelm von Dvsseldorp kennen lernte, verlie\u00df sie ihre Heimat, zog zu ihm nach Dvsseldorp und heiratete ihn.<br \/>\nStets k\u00fcmmert sie sich liebevoll um ihren Hund und aufopferungsvoll um bed\u00fcrftigen Menschen und ist mmer wieder bem\u00fcht alle nur erdenklichen Ausr\u00fcstungsgegenst\u00e4nde und Lebensmittel heranzuschaffen, damit es den Beteiligten auf Reisen an nichts mangelt.<br \/>\nAuch wenn sie als eher ruhige Frohnatur bekannt ist sollte man sich h\u00fcten sie zu \u00e4rgern, da sie nicht darum verlegen ist ihren Worten Taten folgen zu lassen.<br \/>\n<\/div><\/div>\n\n","protected":false},"excerpt":{"rendered":"<p>Viatoris stellt im weitesten Sinne eine Reisegesellschaft um 1200 dar. Auf der Reise befinden sich ein seit Jahren heimlich verheirateter Hospitaliter mit seinem Feldlazarett, eine B\u00fcrgerfamilie, ein verarmter Ritter auf der R\u00fcckreise aus dem Heiligen Land, sowie eine Ministerialfamilie in &hellip; <a class=\"kt-excerpt-readmore more-link\" href=\"https:\/\/www.viatoris.de\/viatoris\/die-mittelaltergruppe-viatoris\/\">Weiterlesen<\/a><\/p>\n","protected":false},"author":1,"featured_media":394,"parent":0,"menu_order":0,"comment_status":"closed","ping_status":"closed","template":"","meta":{"kt_blocks_editor_width":"","footnotes":""},"class_list":["post-259","page","type-page","status-publish","has-post-thumbnail","hentry"],"_links":{"self":[{"href":"https:\/\/www.viatoris.de\/viatoris\/wp-json\/wp\/v2\/pages\/259","targetHints":{"allow":["GET"]}}],"collection":[{"href":"https:\/\/www.viatoris.de\/viatoris\/wp-json\/wp\/v2\/pages"}],"about":[{"href":"https:\/\/www.viatoris.de\/viatoris\/wp-json\/wp\/v2\/types\/page"}],"author":[{"embeddable":true,"href":"https:\/\/www.viatoris.de\/viatoris\/wp-json\/wp\/v2\/users\/1"}],"replies":[{"embeddable":true,"href":"https:\/\/www.viatoris.de\/viatoris\/wp-json\/wp\/v2\/comments?post=259"}],"version-history":[{"count":14,"href":"https:\/\/www.viatoris.de\/viatoris\/wp-json\/wp\/v2\/pages\/259\/revisions"}],"predecessor-version":[{"id":685,"href":"https:\/\/www.viatoris.de\/viatoris\/wp-json\/wp\/v2\/pages\/259\/revisions\/685"}],"wp:featuredmedia":[{"embeddable":true,"href":"https:\/\/www.viatoris.de\/viatoris\/wp-json\/wp\/v2\/media\/394"}],"wp:attachment":[{"href":"https:\/\/www.viatoris.de\/viatoris\/wp-json\/wp\/v2\/media?parent=259"}],"curies":[{"name":"wp","href":"https:\/\/api.w.org\/{rel}","templated":true}]}}